{"id":14,"date":"2025-12-01T21:55:09","date_gmt":"2025-12-01T21:55:09","guid":{"rendered":"https:\/\/anytech.cl\/index.php\/home\/"},"modified":"2025-12-04T20:38:39","modified_gmt":"2025-12-04T20:38:39","slug":"home","status":"publish","type":"page","link":"https:\/\/anytech.cl\/","title":{"rendered":"Home"},"content":{"rendered":"\t\t<div data-elementor-type=\"wp-page\" data-elementor-id=\"14\" class=\"elementor elementor-14\" data-elementor-post-type=\"page\">\n\t\t\t\t<div class=\"elementor-element elementor-element-5c88b3a e-con-full e-flex e-con e-parent\" data-id=\"5c88b3a\" data-element_type=\"container\" data-settings=\"{&quot;background_background&quot;:&quot;video&quot;,&quot;background_video_link&quot;:&quot;https:\\\/\\\/youtu.be\\\/hQOrP6Ckeoo&quot;,&quot;background_video_start&quot;:1,&quot;background_video_end&quot;:11}\">\n\t\t<div class=\"elementor-background-video-container elementor-hidden-mobile\">\n\t\t\t\t\t\t\t<div class=\"elementor-background-video-embed\"><\/div>\n\t\t\t\t\t\t<\/div><div class=\"elementor-element elementor-element-fc5c5bc e-con-full e-flex e-con e-child\" data-id=\"fc5c5bc\" data-element_type=\"container\">\n\t\t\t\t<div class=\"elementor-element elementor-element-328dc4f elementor-widget__width-initial elementor-widget-mobile__width-initial elementor-widget elementor-widget-heading\" data-id=\"328dc4f\" data-element_type=\"widget\" data-widget_type=\"heading.default\">\n\t\t\t\t<div class=\"elementor-widget-container\">\n\t\t\t\t\t<h1 class=\"elementor-heading-title elementor-size-default\">Transforma tu Infraestructura Tecnol\u00f3gica con AnyTech<\/h1>\t\t\t\t<\/div>\n\t\t\t\t<\/div>\n\t\t\t\t<div class=\"elementor-element elementor-element-edb759d elementor-widget__width-initial elementor-widget-mobile__width-inherit elementor-widget elementor-widget-text-editor\" data-id=\"edb759d\" data-element_type=\"widget\" data-widget_type=\"text-editor.default\">\n\t\t\t\t<div class=\"elementor-widget-container\">\n\t\t\t\t\t\t\t\t\t<p>Impulsa el rendimiento y la seguridad de tu organizaci\u00f3n con soluciones profesionales en inform\u00e1tica, redes, videowall, monitoreo, videoconferencias y sistemas de seguridad.<\/p><p>M\u00e1s de 10 a\u00f1os de experiencia entregando implementaciones r\u00e1pidas, integrales y certificadas para empresas en todo Chile.<\/p>\t\t\t\t\t\t\t\t<\/div>\n\t\t\t\t<\/div>\n\t\t\t\t<\/div>\n\t\t\t\t<\/div>\n\t\t<div class=\"elementor-element elementor-element-368cb38 e-con-full e-flex e-con e-parent\" data-id=\"368cb38\" data-element_type=\"container\" data-settings=\"{&quot;background_background&quot;:&quot;classic&quot;}\">\n\t\t<div class=\"elementor-element elementor-element-5e7529f e-con-full e-flex e-con e-child\" data-id=\"5e7529f\" data-element_type=\"container\">\n\t\t\t\t<div class=\"elementor-element elementor-element-ff3b8b2 elementor-widget elementor-widget-heading\" data-id=\"ff3b8b2\" data-element_type=\"widget\" data-widget_type=\"heading.default\">\n\t\t\t\t<div class=\"elementor-widget-container\">\n\t\t\t\t\t<h1 class=\"elementor-heading-title elementor-size-default\">\u00bfPor qu\u00e9 elegirnos?<\/h1>\t\t\t\t<\/div>\n\t\t\t\t<\/div>\n\t\t\t\t<\/div>\n\t\t<div class=\"elementor-element elementor-element-de8973f e-con-full e-flex e-con e-child\" data-id=\"de8973f\" data-element_type=\"container\">\n\t\t\t\t<div class=\"elementor-element elementor-element-4a900d2 elementor-view-default elementor-position-top elementor-mobile-position-top elementor-widget elementor-widget-icon-box\" data-id=\"4a900d2\" data-element_type=\"widget\" data-widget_type=\"icon-box.default\">\n\t\t\t\t<div class=\"elementor-widget-container\">\n\t\t\t\t\t\t\t<div class=\"elementor-icon-box-wrapper\">\n\n\t\t\t\t\t\t<div class=\"elementor-icon-box-icon\">\n\t\t\t\t<span  class=\"elementor-icon\">\n\t\t\t\t<svg aria-hidden=\"true\" class=\"e-font-icon-svg e-fas-tools\" viewBox=\"0 0 512 512\" xmlns=\"http:\/\/www.w3.org\/2000\/svg\"><path d=\"M501.1 395.7L384 278.6c-23.1-23.1-57.6-27.6-85.4-13.9L192 158.1V96L64 0 0 64l96 128h62.1l106.6 106.6c-13.6 27.8-9.2 62.3 13.9 85.4l117.1 117.1c14.6 14.6 38.2 14.6 52.7 0l52.7-52.7c14.5-14.6 14.5-38.2 0-52.7zM331.7 225c28.3 0 54.9 11 74.9 31l19.4 19.4c15.8-6.9 30.8-16.5 43.8-29.5 37.1-37.1 49.7-89.3 37.9-136.7-2.2-9-13.5-12.1-20.1-5.5l-74.4 74.4-67.9-11.3L334 98.9l74.4-74.4c6.6-6.6 3.4-17.9-5.7-20.2-47.4-11.7-99.6.9-136.6 37.9-28.5 28.5-41.9 66.1-41.2 103.6l82.1 82.1c8.1-1.9 16.5-2.9 24.7-2.9zm-103.9 82l-56.7-56.7L18.7 402.8c-25 25-25 65.5 0 90.5s65.5 25 90.5 0l123.6-123.6c-7.6-19.9-9.9-41.6-5-62.7zM64 472c-13.2 0-24-10.8-24-24 0-13.3 10.7-24 24-24s24 10.7 24 24c0 13.2-10.7 24-24 24z\"><\/path><\/svg>\t\t\t\t<\/span>\n\t\t\t<\/div>\n\t\t\t\n\t\t\t\t\t\t<div class=\"elementor-icon-box-content\">\n\n\t\t\t\t\t\t\t\t\t<h3 class=\"elementor-icon-box-title\">\n\t\t\t\t\t\t<span  >\n\t\t\t\t\t\t\t1. Servicio Integral y Soluciones a Medida\t\t\t\t\t\t<\/span>\n\t\t\t\t\t<\/h3>\n\t\t\t\t\n\t\t\t\t\t\t\t\t\t<p class=\"elementor-icon-box-description\">\n\t\t\t\t\t\tNos encargamos de todo: inform\u00e1tica, redes, videowall, videoconferencias y seguridad. Dise\u00f1amos e implementamos soluciones completas que se ajustan exactamente a las necesidades de cada cliente.\t\t\t\t\t<\/p>\n\t\t\t\t\n\t\t\t<\/div>\n\t\t\t\n\t\t<\/div>\n\t\t\t\t\t\t<\/div>\n\t\t\t\t<\/div>\n\t\t\t\t<\/div>\n\t\t<div class=\"elementor-element elementor-element-5021dfb e-con-full e-flex e-con e-child\" data-id=\"5021dfb\" data-element_type=\"container\">\n\t\t\t\t<div class=\"elementor-element elementor-element-36da9b3 elementor-view-default elementor-position-top elementor-mobile-position-top elementor-widget elementor-widget-icon-box\" data-id=\"36da9b3\" data-element_type=\"widget\" data-widget_type=\"icon-box.default\">\n\t\t\t\t<div class=\"elementor-widget-container\">\n\t\t\t\t\t\t\t<div class=\"elementor-icon-box-wrapper\">\n\n\t\t\t\t\t\t<div class=\"elementor-icon-box-icon\">\n\t\t\t\t<span  class=\"elementor-icon\">\n\t\t\t\t<svg aria-hidden=\"true\" class=\"e-font-icon-svg e-fas-bolt\" viewBox=\"0 0 320 512\" xmlns=\"http:\/\/www.w3.org\/2000\/svg\"><path d=\"M296 160H180.6l42.6-129.8C227.2 15 215.7 0 200 0H56C44 0 33.8 8.9 32.2 20.8l-32 240C-1.7 275.2 9.5 288 24 288h118.7L96.6 482.5c-3.6 15.2 8 29.5 23.3 29.5 8.4 0 16.4-4.4 20.8-12l176-304c9.3-15.9-2.2-36-20.7-36z\"><\/path><\/svg>\t\t\t\t<\/span>\n\t\t\t<\/div>\n\t\t\t\n\t\t\t\t\t\t<div class=\"elementor-icon-box-content\">\n\n\t\t\t\t\t\t\t\t\t<h3 class=\"elementor-icon-box-title\">\n\t\t\t\t\t\t<span  >\n\t\t\t\t\t\t\t2. Experiencia, Rapidez y Profesionales Certificados\t\t\t\t\t\t<\/span>\n\t\t\t\t\t<\/h3>\n\t\t\t\t\n\t\t\t\t\t\t\t\t\t<p class=\"elementor-icon-box-description\">\n\t\t\t\t\t\tCon m\u00e1s de 10 a\u00f1os en el rubro, contamos con t\u00e9cnicos y especialistas certificados que garantizan instalaciones precisas, r\u00e1pidas y con est\u00e1ndares de calidad superiores.\t\t\t\t\t<\/p>\n\t\t\t\t\n\t\t\t<\/div>\n\t\t\t\n\t\t<\/div>\n\t\t\t\t\t\t<\/div>\n\t\t\t\t<\/div>\n\t\t\t\t<\/div>\n\t\t<div class=\"elementor-element elementor-element-7cf4e52 e-con-full e-flex e-con e-child\" data-id=\"7cf4e52\" data-element_type=\"container\">\n\t\t\t\t<div class=\"elementor-element elementor-element-2c4290d elementor-view-default elementor-position-top elementor-mobile-position-top elementor-widget elementor-widget-icon-box\" data-id=\"2c4290d\" data-element_type=\"widget\" data-widget_type=\"icon-box.default\">\n\t\t\t\t<div class=\"elementor-widget-container\">\n\t\t\t\t\t\t\t<div class=\"elementor-icon-box-wrapper\">\n\n\t\t\t\t\t\t<div class=\"elementor-icon-box-icon\">\n\t\t\t\t<span  class=\"elementor-icon\">\n\t\t\t\t<svg aria-hidden=\"true\" class=\"e-font-icon-svg e-fas-syringe\" viewBox=\"0 0 512 512\" xmlns=\"http:\/\/www.w3.org\/2000\/svg\"><path d=\"M201.5 174.8l55.7 55.8c3.1 3.1 3.1 8.2 0 11.3l-11.3 11.3c-3.1 3.1-8.2 3.1-11.3 0l-55.7-55.8-45.3 45.3 55.8 55.8c3.1 3.1 3.1 8.2 0 11.3l-11.3 11.3c-3.1 3.1-8.2 3.1-11.3 0L111 265.2l-26.4 26.4c-17.3 17.3-25.6 41.1-23 65.4l7.1 63.6L2.3 487c-3.1 3.1-3.1 8.2 0 11.3l11.3 11.3c3.1 3.1 8.2 3.1 11.3 0l66.3-66.3 63.6 7.1c23.9 2.6 47.9-5.4 65.4-23l181.9-181.9-135.7-135.7-64.9 65zm308.2-93.3L430.5 2.3c-3.1-3.1-8.2-3.1-11.3 0l-11.3 11.3c-3.1 3.1-3.1 8.2 0 11.3l28.3 28.3-45.3 45.3-56.6-56.6-17-17c-3.1-3.1-8.2-3.1-11.3 0l-33.9 33.9c-3.1 3.1-3.1 8.2 0 11.3l17 17L424.8 223l17 17c3.1 3.1 8.2 3.1 11.3 0l33.9-34c3.1-3.1 3.1-8.2 0-11.3l-73.5-73.5 45.3-45.3 28.3 28.3c3.1 3.1 8.2 3.1 11.3 0l11.3-11.3c3.1-3.2 3.1-8.2 0-11.4z\"><\/path><\/svg>\t\t\t\t<\/span>\n\t\t\t<\/div>\n\t\t\t\n\t\t\t\t\t\t<div class=\"elementor-icon-box-content\">\n\n\t\t\t\t\t\t\t\t\t<h3 class=\"elementor-icon-box-title\">\n\t\t\t\t\t\t<span  >\n\t\t\t\t\t\t\t3. Soporte Confiable y Garant\u00eda Real\t\t\t\t\t\t<\/span>\n\t\t\t\t\t<\/h3>\n\t\t\t\t\n\t\t\t\t\t\t\t\t\t<p class=\"elementor-icon-box-description\">\n\t\t\t\t\t\tOfrecemos garant\u00eda en todos nuestros servicios y soporte 24\/7 para clientes con contrato. Acompa\u00f1amos a tu empresa antes, durante y despu\u00e9s de cada proyecto para asegurar continuidad operativa.\t\t\t\t\t<\/p>\n\t\t\t\t\n\t\t\t<\/div>\n\t\t\t\n\t\t<\/div>\n\t\t\t\t\t\t<\/div>\n\t\t\t\t<\/div>\n\t\t\t\t<\/div>\n\t\t\t\t<\/div>\n\t\t\t\t<\/div>\n\t\t","protected":false},"excerpt":{"rendered":"<p>Transforma tu Infraestructura Tecnol\u00f3gica con AnyTech Impulsa el rendimiento y la seguridad de tu organizaci\u00f3n con soluciones profesionales en inform\u00e1tica, redes, videowall, monitoreo, videoconferencias y sistemas de seguridad. M\u00e1s de 10 a\u00f1os de experiencia entregando implementaciones r\u00e1pidas, integrales y certificadas para empresas en todo Chile. \u00bfPor qu\u00e9 elegirnos? 1. Servicio Integral y Soluciones a Medida [&hellip;]<\/p>\n","protected":false},"author":1,"featured_media":0,"parent":0,"menu_order":0,"comment_status":"closed","ping_status":"closed","template":"","meta":{"footnotes":""},"class_list":["post-14","page","type-page","status-publish","hentry"],"yoast_head":"<!-- This site is optimized with the Yoast SEO plugin v26.4 - https:\/\/yoast.com\/wordpress\/plugins\/seo\/ -->\n<title>Home - AnyTech<\/title>\n<meta name=\"robots\" content=\"index, follow, max-snippet:-1, max-image-preview:large, max-video-preview:-1\" \/>\n<link rel=\"canonical\" href=\"https:\/\/anytech.cl\/\" \/>\n<meta property=\"og:locale\" content=\"es_ES\" \/>\n<meta property=\"og:type\" content=\"article\" \/>\n<meta property=\"og:title\" content=\"Home - AnyTech\" \/>\n<meta property=\"og:description\" content=\"Transforma tu Infraestructura Tecnol\u00f3gica con AnyTech Impulsa el rendimiento y la seguridad de tu organizaci\u00f3n con soluciones profesionales en inform\u00e1tica, redes, videowall, monitoreo, videoconferencias y sistemas de seguridad. M\u00e1s de 10 a\u00f1os de experiencia entregando implementaciones r\u00e1pidas, integrales y certificadas para empresas en todo Chile. \u00bfPor qu\u00e9 elegirnos? 1. Servicio Integral y Soluciones a Medida [&hellip;]\" \/>\n<meta property=\"og:url\" content=\"https:\/\/anytech.cl\/\" \/>\n<meta property=\"og:site_name\" content=\"AnyTech\" \/>\n<meta property=\"article:modified_time\" content=\"2025-12-04T20:38:39+00:00\" \/>\n<meta name=\"twitter:card\" content=\"summary_large_image\" \/>\n<meta name=\"twitter:label1\" content=\"Tiempo de lectura\" \/>\n\t<meta name=\"twitter:data1\" content=\"1 minuto\" \/>\n<script type=\"application\/ld+json\" class=\"yoast-schema-graph\">{\"@context\":\"https:\/\/schema.org\",\"@graph\":[{\"@type\":\"WebPage\",\"@id\":\"https:\/\/anytech.cl\/\",\"url\":\"https:\/\/anytech.cl\/\",\"name\":\"Home - AnyTech\",\"isPartOf\":{\"@id\":\"https:\/\/anytech.cl\/#website\"},\"datePublished\":\"2025-12-01T21:55:09+00:00\",\"dateModified\":\"2025-12-04T20:38:39+00:00\",\"breadcrumb\":{\"@id\":\"https:\/\/anytech.cl\/#breadcrumb\"},\"inLanguage\":\"es\",\"potentialAction\":[{\"@type\":\"ReadAction\",\"target\":[\"https:\/\/anytech.cl\/\"]}]},{\"@type\":\"BreadcrumbList\",\"@id\":\"https:\/\/anytech.cl\/#breadcrumb\",\"itemListElement\":[{\"@type\":\"ListItem\",\"position\":1,\"name\":\"Portada\",\"item\":\"https:\/\/anytech.cl\/\"},{\"@type\":\"ListItem\",\"position\":2,\"name\":\"Home\"}]},{\"@type\":\"WebSite\",\"@id\":\"https:\/\/anytech.cl\/#website\",\"url\":\"https:\/\/anytech.cl\/\",\"name\":\"AnyTech\",\"description\":\"\",\"publisher\":{\"@id\":\"https:\/\/anytech.cl\/#organization\"},\"potentialAction\":[{\"@type\":\"SearchAction\",\"target\":{\"@type\":\"EntryPoint\",\"urlTemplate\":\"https:\/\/anytech.cl\/?s={search_term_string}\"},\"query-input\":{\"@type\":\"PropertyValueSpecification\",\"valueRequired\":true,\"valueName\":\"search_term_string\"}}],\"inLanguage\":\"es\"},{\"@type\":\"Organization\",\"@id\":\"https:\/\/anytech.cl\/#organization\",\"name\":\"AnyTech\",\"url\":\"https:\/\/anytech.cl\/\",\"logo\":{\"@type\":\"ImageObject\",\"inLanguage\":\"es\",\"@id\":\"https:\/\/anytech.cl\/#\/schema\/logo\/image\/\",\"url\":\"https:\/\/anytech.cl\/wp-content\/uploads\/2025\/12\/cropped-logo-any.png\",\"contentUrl\":\"https:\/\/anytech.cl\/wp-content\/uploads\/2025\/12\/cropped-logo-any.png\",\"width\":270,\"height\":68,\"caption\":\"AnyTech\"},\"image\":{\"@id\":\"https:\/\/anytech.cl\/#\/schema\/logo\/image\/\"}}]}<\/script>\n<!-- \/ Yoast SEO plugin. -->","yoast_head_json":{"title":"Home - AnyTech","robots":{"index":"index","follow":"follow","max-snippet":"max-snippet:-1","max-image-preview":"max-image-preview:large","max-video-preview":"max-video-preview:-1"},"canonical":"https:\/\/anytech.cl\/","og_locale":"es_ES","og_type":"article","og_title":"Home - AnyTech","og_description":"Transforma tu Infraestructura Tecnol\u00f3gica con AnyTech Impulsa el rendimiento y la seguridad de tu organizaci\u00f3n con soluciones profesionales en inform\u00e1tica, redes, videowall, monitoreo, videoconferencias y sistemas de seguridad. M\u00e1s de 10 a\u00f1os de experiencia entregando implementaciones r\u00e1pidas, integrales y certificadas para empresas en todo Chile. \u00bfPor qu\u00e9 elegirnos? 1. Servicio Integral y Soluciones a Medida [&hellip;]","og_url":"https:\/\/anytech.cl\/","og_site_name":"AnyTech","article_modified_time":"2025-12-04T20:38:39+00:00","twitter_card":"summary_large_image","twitter_misc":{"Tiempo de lectura":"1 minuto"},"schema":{"@context":"https:\/\/schema.org","@graph":[{"@type":"WebPage","@id":"https:\/\/anytech.cl\/","url":"https:\/\/anytech.cl\/","name":"Home - AnyTech","isPartOf":{"@id":"https:\/\/anytech.cl\/#website"},"datePublished":"2025-12-01T21:55:09+00:00","dateModified":"2025-12-04T20:38:39+00:00","breadcrumb":{"@id":"https:\/\/anytech.cl\/#breadcrumb"},"inLanguage":"es","potentialAction":[{"@type":"ReadAction","target":["https:\/\/anytech.cl\/"]}]},{"@type":"BreadcrumbList","@id":"https:\/\/anytech.cl\/#breadcrumb","itemListElement":[{"@type":"ListItem","position":1,"name":"Portada","item":"https:\/\/anytech.cl\/"},{"@type":"ListItem","position":2,"name":"Home"}]},{"@type":"WebSite","@id":"https:\/\/anytech.cl\/#website","url":"https:\/\/anytech.cl\/","name":"AnyTech","description":"","publisher":{"@id":"https:\/\/anytech.cl\/#organization"},"potentialAction":[{"@type":"SearchAction","target":{"@type":"EntryPoint","urlTemplate":"https:\/\/anytech.cl\/?s={search_term_string}"},"query-input":{"@type":"PropertyValueSpecification","valueRequired":true,"valueName":"search_term_string"}}],"inLanguage":"es"},{"@type":"Organization","@id":"https:\/\/anytech.cl\/#organization","name":"AnyTech","url":"https:\/\/anytech.cl\/","logo":{"@type":"ImageObject","inLanguage":"es","@id":"https:\/\/anytech.cl\/#\/schema\/logo\/image\/","url":"https:\/\/anytech.cl\/wp-content\/uploads\/2025\/12\/cropped-logo-any.png","contentUrl":"https:\/\/anytech.cl\/wp-content\/uploads\/2025\/12\/cropped-logo-any.png","width":270,"height":68,"caption":"AnyTech"},"image":{"@id":"https:\/\/anytech.cl\/#\/schema\/logo\/image\/"}}]}},"_links":{"self":[{"href":"https:\/\/anytech.cl\/index.php\/wp-json\/wp\/v2\/pages\/14","targetHints":{"allow":["GET"]}}],"collection":[{"href":"https:\/\/anytech.cl\/index.php\/wp-json\/wp\/v2\/pages"}],"about":[{"href":"https:\/\/anytech.cl\/index.php\/wp-json\/wp\/v2\/types\/page"}],"author":[{"embeddable":true,"href":"https:\/\/anytech.cl\/index.php\/wp-json\/wp\/v2\/users\/1"}],"replies":[{"embeddable":true,"href":"https:\/\/anytech.cl\/index.php\/wp-json\/wp\/v2\/comments?post=14"}],"version-history":[{"count":52,"href":"https:\/\/anytech.cl\/index.php\/wp-json\/wp\/v2\/pages\/14\/revisions"}],"predecessor-version":[{"id":155,"href":"https:\/\/anytech.cl\/index.php\/wp-json\/wp\/v2\/pages\/14\/revisions\/155"}],"wp:attachment":[{"href":"https:\/\/anytech.cl\/index.php\/wp-json\/wp\/v2\/media?parent=14"}],"curies":[{"name":"wp","href":"https:\/\/api.w.org\/{rel}","templated":true}]}}